{"id":391,"date":"2021-05-11T15:56:55","date_gmt":"2021-05-11T15:56:55","guid":{"rendered":"beta.sitrack.com.ar\/portal\/?page_id=391"},"modified":"2021-05-12T17:09:16","modified_gmt":"2021-05-12T17:09:16","slug":"soluciones","status":"publish","type":"page","link":"https:\/\/beta.sitrack.com.ar\/portal\/soluciones\/","title":{"rendered":"Soluciones 2021"},"content":{"rendered":"<p>[vc_row el_class=&#8221;boxer&#8221; el_id=&#8221;SOLUCIONES&#8221;][vc_column][vc_row_inner][vc_column_inner width=&#8221;1\/6&#8243;][\/vc_column_inner][vc_column_inner width=&#8221;2\/3&#8243;][vc_column_text]<\/p>\n<h1>SOLUCIONES<\/h1>\n<p>SITRACK dispone de una amplia gama de servicios y soluciones que brindan herramientas para un mejor control de tus activos. Aplicando la <strong>Telemetr\u00eda<\/strong>, podemos hacer de tu trabajo una gesti\u00f3n mucho m\u00e1s efectiva.<\/p>\n<p>[\/vc_column_text][vc_raw_html]JTNDZGl2JTNFJTBBJTNDYSUyMGNsYXNzJTNEJTIyYnRuLW1lJTIyJTIwaHJlZiUzRCUyMiUyM01PTklUT1JFTy1TQVRFTElUQUwtSU5URUxJR0VOVEUlMjIlM0UlMEElM0NpbWclMjBjbGFzcyUzRCUyMmltZyUyMiUyMHN0eWxlJTNEJTIyd2lkdGglM0ElMjAxMDBweCUzQiUyMiUyMHNyYyUzRCUyMmh0dHBzJTNBJTJGJTJGd3d3LnNpdHJhY2suY2wlMkZwb3J0YWwlMkZ3cC1jb250ZW50JTJGdGhlbWVzJTJGc2l0cmFjay0yMDIwJTJGaW1nJTJGTU9OSVRPUkVPLnN2ZyUyMiUyMGFsdCUzRCUyMm1pc2lvbiUyMiUzRSUwQSUzQ2IlM0VNT05JVE9SRU8lM0NiciUzRSUyMFNBVEVMSVRBTCUzQyUyRmIlM0UlMEElM0MlMkZhJTNFJTBBJTBBJTNDYSUyMGNsYXNzJTNEJTIyYnRuLW1lJTIyJTIwaHJlZiUzRCUyMiUyM0NPTlRST0wtREUtVVNPLVktUk9CTy1ERS1DT01CVVNUSUJMRSUyMiUzRSUwQSUzQ2ltZyUyMGNsYXNzJTNEJTIyaW1nJTIyJTIwc3JjJTNEJTIyaHR0cHMlM0ElMkYlMkZ3d3cuc2l0cmFjay5jbCUyRnBvcnRhbCUyRndwLWNvbnRlbnQlMkZ0aGVtZXMlMkZzaXRyYWNrLTIwMjAlMkZpbWclMkZDT05UUk9MLnN2ZyUyMiUyMGFsdCUzRCUyMm1pc2lvbiUyMiUzRSUwQSUzQ2IlM0VDT05UUk9MJTIwJTNDYnIlM0UlMjBERSUyMENPTUJVU1RJQkxFJTNDJTJGYiUzRSUwQSUzQyUyRmElM0UlMEElMEElM0NhJTIwY2xhc3MlM0QlMjJidG4tbWUlMjIlMjBocmVmJTNEJTIyJTIzVFJBTlNQT1JURS1TRUdVUk8tREUtQ0FSR0ElMjIlM0UlMEElM0NpbWclMjBjbGFzcyUzRCUyMmltZyUyMiUyMHNyYyUzRCUyMmh0dHBzJTNBJTJGJTJGd3d3LnNpdHJhY2suY2wlMkZwb3J0YWwlMkZ3cC1jb250ZW50JTJGdGhlbWVzJTJGc2l0cmFjay0yMDIwJTJGaW1nJTJGVFJBTlNQT1JURS5zdmclMjIlMjBhbHQlM0QlMjJtaXNpb24lMjIlM0UlMEElM0NiJTNFVFJBTlNQT1JURSUzQ2JyJTNFJTIwU0VHVVJPJTNDJTJGYiUzRSUwQSUzQyUyRmElM0UlMEElMEElM0NhJTIwY2xhc3MlM0QlMjJidG4tbWUlMjIlMjBocmVmJTNEJTIyJTIzU0VHVVJJREFELUVOLUxBLUNPTkRVQ0NJT04lMjIlM0UlMEElM0NpbWclMjBjbGFzcyUzRCUyMmltZyUyMiUyMHNyYyUzRCUyMmh0dHBzJTNBJTJGJTJGd3d3LnNpdHJhY2suY2wlMkZwb3J0YWwlMkZ3cC1jb250ZW50JTJGdGhlbWVzJTJGc2l0cmFjay0yMDIwJTJGaW1nJTJGU0VHVVJJREFELnN2ZyUyMiUyMGFsdCUzRCUyMm1pc2lvbiUyMiUzRSUwQSUzQ2IlM0VTRUdVUklEQUQlMjBFTiUyMCUzQ2JyJTNFTEElMjBDT05EVUNDSSVDMyU5M04lM0MlMkZiJTNFJTBBJTNDJTJGYSUzRSUwQSUwQSUzQyUyRmRpdiUzRQ==[\/vc_raw_html][\/vc_column_inner][vc_column_inner width=&#8221;1\/6&#8243;][\/vc_column_inner][\/vc_row_inner][\/vc_column][\/vc_row][vc_section css=&#8221;.vc_custom_1584469965676{background-color: #f7f8fa !important;}&#8221; el_id=&#8221;MONITOREO-SATELITAL-INTELIGENTE&#8221;][vc_row el_class=&#8221;boxer&#8221;][vc_column][vc_row_inner][vc_column_inner width=&#8221;1\/6&#8243;][\/vc_column_inner][vc_column_inner width=&#8221;2\/3&#8243;][vc_column_text el_class=&#8221;centro&#8221;]<img class=\"img\" style=\"width: 100px;\" src=\"https:\/\/www.sitrack.cl\/portal\/wp-content\/themes\/sitrack-2020\/img\/MONITOREO.svg\" alt=\"mision\" \/><\/p>\n<h2>MONITOREO SATELITAL INTELIGENTE<\/h2>\n<p>Monitorea y protege los bienes de tu empresa a trav\u00e9s de la implementaci\u00f3n de GPS con informaci\u00f3n en tiempo real, controlando el cumplimiento de rutas y geocercas.<br \/>\n<img class=\"\" src=\"https:\/\/www.sitrack.cl\/portal\/wp-content\/themes\/sitrack-2020\/img\/MONITOREO-SATELITAL.png\" alt=\"MONITOREO SATELITAL\" \/>[\/vc_column_text][\/vc_column_inner][vc_column_inner width=&#8221;1\/6&#8243;][\/vc_column_inner][\/vc_row_inner][vc_row_inner][vc_column_inner width=&#8221;1\/3&#8243;][vc_column_text]<img class=\"\" src=\"https:\/\/www.sitrack.cl\/portal\/wp-content\/themes\/sitrack-2020\/img\/Visualizacion.svg\" alt=\"Visualizacion.svg\" \/><\/p>\n<h3>Visualizaci\u00f3n de eventos en el mapa, velocidades, fecha, curso de eventos<\/h3>\n<p>Permite pedir hist\u00f3ricos de posiciones para observar recorridos. Creaci\u00f3n de geocercas. M\u00f3dulo de Mantenimiento de veh\u00edculos.[\/vc_column_text][\/vc_column_inner][vc_column_inner width=&#8221;1\/3&#8243;][vc_column_text]<img class=\"\" src=\"https:\/\/www.sitrack.cl\/portal\/wp-content\/themes\/sitrack-2020\/img\/Control-de-cumplimiento.svg\" alt=\"Control-de-cumplimiento.svg\" \/><\/p>\n<h3>Control de cumplimiento de programaci\u00f3n de viajes<\/h3>\n<p>Podr\u00e1s monitorear rutas, controlar detenciones realizadas, salidas de ruta no autorizadas, excesos de velocidades, adem\u00e1s de medir el tiempo de llegada y salida.[\/vc_column_text][\/vc_column_inner][vc_column_inner width=&#8221;1\/3&#8243;][vc_column_text]<img class=\"\" src=\"https:\/\/www.sitrack.cl\/portal\/wp-content\/themes\/sitrack-2020\/img\/Creacion-de-Reglas.svg\" alt=\"Creacion-de-Reglas.svg\" \/><\/p>\n<h3>Creaci\u00f3n de Reglas para notificaci\u00f3n de Alarmas<\/h3>\n<p>Brinda la posibilidad de definir una serie de reglas autom\u00e1ticas de control, que, por medio de notificaciones online a mail, controlar\u00e1n las 24 horas los sucesos de: posici\u00f3n, velocidad, flotas, geocercas, rutas y mucho m\u00e1s.[\/vc_column_text][\/vc_column_inner][\/vc_row_inner][vc_row_inner][vc_column_inner][vc_column_text el_class=&#8221;btn-cont&#8221;]<\/p>\n<p style=\"text-align: center;\"><a class=\"btn\" href=\"#\">\u00a1CONVERSA CON NOSOTROS!<\/a><\/p>\n<p>[\/vc_column_text][\/vc_column_inner][\/vc_row_inner][\/vc_column][\/vc_row][\/vc_section][vc_section el_id=&#8221;CONTROL-DE-USO-Y-ROBO-DE-COMBUSTIBLE&#8221;][vc_row el_class=&#8221;boxer&#8221;][vc_column][vc_row_inner][vc_column_inner width=&#8221;1\/6&#8243;][\/vc_column_inner][vc_column_inner width=&#8221;2\/3&#8243;][vc_column_text el_class=&#8221;centro bajar&#8221;]<img class=\"img\" src=\"https:\/\/www.sitrack.cl\/portal\/wp-content\/themes\/sitrack-2020\/img\/CONTROL.svg\" alt=\"mision\" \/><\/p>\n<h2>CONTROL DE USO Y ROBO<br \/>\nDE COMBUSTIBLE<\/h2>\n<p>Rinde al m\u00e1ximo los bienes de tu empresa evaluando el perfil o forma de manejo, el rendimiento de las unidades y midiendo el nivel de combustible para evitar mermas y controlar el mal uso.[\/vc_column_text][\/vc_column_inner][vc_column_inner width=&#8221;1\/6&#8243;][\/vc_column_inner][\/vc_row_inner][vc_row_inner][vc_column_inner width=&#8221;1\/2&#8243;][vc_column_text]<img class=\"\" src=\"https:\/\/www.sitrack.cl\/portal\/wp-content\/themes\/sitrack-2020\/img\/CONTROL-DE-USO.png\" alt=\"CONTROL DE USO\" \/>[\/vc_column_text][\/vc_column_inner][vc_column_inner width=&#8221;1\/2&#8243;][vc_column_text el_class=&#8221;bajo mover CONTROL-1&#8243;]<strong>Control de cisternas de combustible<\/strong><br \/>\nPermiten cubrir de manera segura y controlada la cadena de proceso de transporte (carga \/ descarga).[\/vc_column_text][vc_column_text el_class=&#8221;bajo mover2 CONTROL-2&#8243;]<strong>Monitoreo de nivel de combustible<\/strong><br \/>\nMide el nivel de combustible en los estanques, transmitiendo este dato a intervalos regulares, determinando situaciones de carga y descarga, variaciones, etc.[\/vc_column_text][vc_column_text el_class=&#8221;mover CONTROL-3&#8243;]<strong>Control de conducci\u00f3n y gastos<\/strong><br \/>\nEvaluaci\u00f3n de rendimiento de combustible y perfil de manejo en base a torque, aceleraci\u00f3n, velocidades promedio y mucho m\u00e1s.[\/vc_column_text][\/vc_column_inner][\/vc_row_inner][vc_row_inner][vc_column_inner][vc_column_text el_class=&#8221;btn-cont&#8221;]<\/p>\n<p style=\"text-align: center;\"><a class=\"btn\" href=\"#\">\u00a1CONVERSA CON NOSOTROS!<\/a><\/p>\n<p>[\/vc_column_text][\/vc_column_inner][\/vc_row_inner][\/vc_column][\/vc_row][\/vc_section][vc_section css=&#8221;.vc_custom_1584470185222{background-color: #f7f8fa !important;}&#8221; el_id=&#8221;TRANSPORTE-SEGURO-DE-CARGA&#8221;][vc_row el_class=&#8221;boxer&#8221;][vc_column][vc_row_inner][vc_column_inner width=&#8221;1\/4&#8243;][\/vc_column_inner][vc_column_inner width=&#8221;1\/2&#8243;][vc_column_text el_class=&#8221;centro bajar&#8221;]<img class=\"img\" src=\"https:\/\/www.sitrack.cl\/portal\/wp-content\/themes\/sitrack-2020\/img\/TRANSPORTE.svg\" alt=\"mision\" \/><\/p>\n<h2>TRANSPORTE SEGURO DE CARGA<\/h2>\n<p>\u00bfTienes temor a que tu carga sea hurtada?<br \/>\n\u00bfCuentas con sistemas para monitorear tu carga?<br \/>\nTe ayudamos a sentirte m\u00e1s seguro al momento de mover cargas importantes mediante una plataforma capaz de alertar posibles irregularidades. Protege el cargamento de tus camiones con alguna de nuestras soluciones:[\/vc_column_text][\/vc_column_inner][vc_column_inner width=&#8221;1\/4&#8243;][\/vc_column_inner][\/vc_row_inner][vc_row_inner][vc_column_inner width=&#8221;1\/2&#8243;][vc_column_text el_class=&#8221;mover bajo TRANSPORTE-1&#8243;]<\/p>\n<h3>Sistema Antivand\u00e1lico<\/h3>\n<p>Monitorea la detenci\u00f3n de tu cami\u00f3n de forma controlada, aut\u00f3noma o remota, cortando el combustible o activando trabas electr\u00f3nicas. Puedes controlar la apertura de puertas de tu cami\u00f3n, tanto del remolque como de la cabina.[\/vc_column_text][vc_column_text el_class=&#8221;mover bajo TRANSPORTE-2&#8243;]<\/p>\n<h3>Detecci\u00f3n de jamming celular y bloqueo de GPS<\/h3>\n<p>El jammer bloquea el funcionamiento de rastreo GPS instalado en tu veh\u00edculo y con esto los ladrones evitan ser localizados v\u00eda sat\u00e9lite al momento de ejecutar el robo. Nuestros equipos, permiten actuar localmente para impedir este tipo de robos.[\/vc_column_text][vc_column_text el_class=&#8221;mover TRANSPORTE-3&#8243;]<\/p>\n<h3>Control de Temperatura de carga<\/h3>\n<p>Mide la temperatura del cargamento permitiendo crear alertas cuando la temperatura se exceda de los rangos programados.[\/vc_column_text][\/vc_column_inner][vc_column_inner width=&#8221;1\/2&#8243;][vc_column_text]<img class=\"\" src=\"https:\/\/www.sitrack.cl\/portal\/wp-content\/themes\/sitrack-2020\/img\/TRANSPORTE-SEGURO.png\" alt=\"TRANSPORTE SEGURO\" \/>[\/vc_column_text][\/vc_column_inner][\/vc_row_inner][vc_row_inner][vc_column_inner][vc_column_text el_class=&#8221;btn-cont&#8221;]<\/p>\n<p style=\"text-align: center;\"><a class=\"btn\" href=\"#\">\u00a1CONVERSA CON NOSOTROS!<\/a><\/p>\n<p>[\/vc_column_text][\/vc_column_inner][\/vc_row_inner][\/vc_column][\/vc_row][\/vc_section][vc_section el_id=&#8221;SEGURIDAD-EN-LA-CONDUCCION&#8221;][vc_row el_class=&#8221;boxer&#8221;][vc_column][vc_row_inner][vc_column_inner width=&#8221;1\/4&#8243;][\/vc_column_inner][vc_column_inner width=&#8221;1\/2&#8243;][vc_column_text el_class=&#8221;centro bajar&#8221;]<img class=\"img\" src=\"https:\/\/www.sitrack.cl\/portal\/wp-content\/themes\/sitrack-2020\/img\/SEGURIDAD.svg\" alt=\"mision\" \/><\/p>\n<h2>SEGURIDAD EN LA CONDUCCI\u00d3N<\/h2>\n<p>\u00bfTienes control sobre el manejo de tus conductores?<br \/>\nPotencia y controla la seguridad de conductores y camiones de tu empresa.[\/vc_column_text][\/vc_column_inner][vc_column_inner width=&#8221;1\/4&#8243;][\/vc_column_inner][\/vc_row_inner][vc_row_inner][vc_column_inner width=&#8221;5\/12&#8243;][vc_column_text]<img class=\"\" src=\"https:\/\/www.sitrack.cl\/portal\/wp-content\/themes\/sitrack-2020\/img\/SEGURIDAD-EN-LA-CONDUC.png\" alt=\"SEGURIDAD-EN-LA-CONDUC\" \/>[\/vc_column_text][\/vc_column_inner][vc_column_inner width=&#8221;7\/12&#8243;][vc_column_text el_class=&#8221;bajo mover SEGURIDAD-1&#8243;]<\/p>\n<h3>Monitorea el viaje de tus conductores<\/h3>\n<p>Tendr\u00e1s la posibilidad de controlar y ser informado de velocidades de conducci\u00f3n, eventos de fatiga o distracci\u00f3n del conductor, manejo brusco, fallas del veh\u00edculo entre otros. Esto es posible mediante la telemetr\u00eda y tambi\u00e9n instalaci\u00f3n de sistemas de 3er ojo, detecci\u00f3n de Somnolencia como tambi\u00e9n <strong>MDVR<\/strong>.[\/vc_column_text][vc_column_text el_class=&#8221;mover SEGURIDAD-3&#8243;]<\/p>\n<h3>Ranking de conducci\u00f3n<\/h3>\n<p>Realiza un perfil de conducci\u00f3n y scoring (mecanismo que permite obtener el perfil de riesgo de un individuo en funci\u00f3n de sus caracter\u00edsticas) para optimizar los recursos de tu empresa.[\/vc_column_text][\/vc_column_inner][\/vc_row_inner][vc_row_inner][vc_column_inner][vc_column_text el_class=&#8221;btn-cont&#8221;]<\/p>\n<p style=\"text-align: center;\"><a class=\"btn\" href=\"#\">\u00a1CONVERSA CON NOSOTROS!<\/a><\/p>\n<p>[\/vc_column_text][\/vc_column_inner][\/vc_row_inner][\/vc_column][\/vc_row][\/vc_section][vc_section el_id=&#8221;ESTEMOS_EN_CONTACTO&#8221;][vc_row el_class=&#8221;boxer&#8221;][vc_column width=&#8221;1\/6&#8243;][\/vc_column][vc_column width=&#8221;2\/3&#8243;][vc_column_text]<\/p>\n<h2>ESTEMOS EN CONTACTO<\/h2>\n<p>[\/vc_column_text][vc_row_inner][vc_column_inner][vc_raw_html]JTNDZGl2JTIwY2xhc3MlM0QlMjJ0YWIlMjIlM0UlMEElMjAlMjAlM0NidXR0b24lMjBjbGFzcyUzRCUyMnRhYmxpbmtzJTIyJTIwb25jbGljayUzRCUyMm9wZW5DaXR5JTI4ZXZlbnQlMkMlMjAlMjdDT1RJWkFSX1NFUlZJQ0lPUyUyNyUyOSUyMiUzRUNPVElaQVIlMjBTRVJWSUNJT1MlM0MlMkZidXR0b24lM0UlMEElM0MlMkZkaXYlM0UlMEElMEElM0NkaXYlMjBpZCUzRCUyMkNPVElaQVJfU0VSVklDSU9TJTIyJTIwY2xhc3MlM0QlMjJ0YWJjb250ZW50JTIyJTIwc3R5bGUlM0QlMjJkaXNwbGF5JTNBJTIwYmxvY2slM0IlMjIlM0UlMEElM0NkaXYlMjBpZCUzRCUyMmZvcm0taHVic3BvdC0xJTIyJTIwJTNFJTNDJTJGZGl2JTNFJTBBJTNDc2NyaXB0JTNFJTBBJTIwJTIwaGJzcHQuZm9ybXMuY3JlYXRlJTI4JTdCJTBBJTA5cmVnaW9uJTNBJTIwJTIybmExJTIyJTJDJTIwJTIwJTIwJTIwJTBBJTIwJTIwJTIwJTIwJTIwJTIwJTIwJTIwY3NzJTNBJTIwJTI3JTI3JTJDJTBBJTIwJTIwJTIwJTIwJTIwJTIwJTIwJTIwJTIwdGFyZ2V0JTNBJTIwJTI3JTIzZm9ybS1odWJzcG90LTElMjclMkMlMEElMDlwb3J0YWxJZCUzQSUyMCUyMjI0MjcxMjElMjIlMkMlMEElMDlmb3JtSWQlM0ElMjAlMjI1ZTcxOTkxYS05YjU3LTQ0ODktYWRiNi1iYWQ1ZGQwY2NhODglMjIlMEElN0QlMjklM0IlMEElM0MlMkZzY3JpcHQlM0UlMEElM0MlMkZkaXYlM0UlMEElMEElM0NkaXYlMjBjbGFzcyUzRCUyMnRhYiUyMiUzRSUwQSUyMCUyMCUzQ2J1dHRvbiUyMGNsYXNzJTNEJTIydGFibGlua3MlMjIlMjBvbmNsaWNrJTNEJTIyb3BlbkNpdHklMjhldmVudCUyQyUyMCUyN1BFRElSX1NPUE9SVEUlMjclMjklMjIlM0VQRURJUiUyMFNPUE9SVEUlM0MlMkZidXR0b24lM0UlMEElM0MlMkZkaXYlM0UlMEElM0NkaXYlMjBpZCUzRCUyMlBFRElSX1NPUE9SVEUlMjIlMjBjbGFzcyUzRCUyMnRhYmNvbnRlbnQlMjIlM0UlMEElM0NkaXYlMjBpZCUzRCUyMmZvcm0taHVic3BvdC0yJTIyJTIwJTNFJTNDJTJGZGl2JTNFJTBBJTNDc2NyaXB0JTNFJTBBJTIwJTIwaGJzcHQuZm9ybXMuY3JlYXRlJTI4JTdCJTIwJTBBJTIwJTIwJTIwJTIwY3NzJTNBJTIwJTI3JTI3JTJDJTBBJTIwJTIwJTIwJTIwdGFyZ2V0JTNBJTIwJTI3JTIzZm9ybS1odWJzcG90LTIlMjclMkMlMEElMjAlMjAlMjAlMjBwb3J0YWxJZCUzQSUyMCUyNzI0MjcxMjElMjclMkMlMEElMjAlMjAlMjAlMjBmb3JtSWQlM0ElMjAlMjdhMDhhMzQ2NC05YjdlLTRmZTAtYTYzZC1jNWNkZTI3YWY5OTIlMjclMEElMjAlMjAlN0QlMjklM0IlMEElM0MlMkZzY3JpcHQlM0UlMEElM0MlMkZkaXYlM0UlMEElMEElM0NkaXYlMjBjbGFzcyUzRCUyMnRhYiUyMG1lbm9zJTIyJTNFJTBBJTIwJTIwJTNDYnV0dG9uJTIwY2xhc3MlM0QlMjJ0YWJsaW5rcyUyMiUyMG9uY2xpY2slM0QlMjJvcGVuQ2l0eSUyOGV2ZW50JTJDJTIwJTI3VFJBQkFKQV9DT05fTk9TT1RST1MlMjclMjklMjIlM0VUUkFCQUpBJTIwQ09OJTIwTk9TT1RST1MlM0MlMkZidXR0b24lM0UlMEElM0MlMkZkaXYlM0UlMEElM0NkaXYlMjBpZCUzRCUyMlRSQUJBSkFfQ09OX05PU09UUk9TJTIyJTIwY2xhc3MlM0QlMjJ0YWJjb250ZW50JTIyJTNFJTBBJTNDZGl2JTIwaWQlM0QlMjJmb3JtLWh1YnNwb3QtMyUyMiUyMCUzRSUzQyUyRmRpdiUzRSUwQSUzQ3NjcmlwdCUzRSUwQSUyMCUyMGhic3B0LmZvcm1zLmNyZWF0ZSUyOCU3QiUyMCUwQSUyMCUyMCUyMCUyMGNzcyUzQSUyMCUyNyUyNyUyQyUwQSUyMCUyMCUyMCUyMHRhcmdldCUzQSUyMCUyNyUyM2Zvcm0taHVic3BvdC0zJTI3JTJDJTBBJTIwJTIwJTIwJTIwcG9ydGFsSWQlM0ElMjAlMjcyNDI3MTIxJTI3JTJDJTBBJTIwJTIwJTIwJTIwZm9ybUlkJTNBJTIwJTI3YzI3ZDEyYTctZTUyMS00MWI3LTg1YmYtMjg2ODAyNzZkYWQ0JTI3JTBBJTIwJTIwJTdEJTI5JTNCJTBBJTNDJTJGc2NyaXB0JTNFJTBBJTNDJTJGZGl2JTNFJTBB[\/vc_raw_html][\/vc_column_inner][\/vc_row_inner][\/vc_column][vc_column width=&#8221;1\/6&#8243;][\/vc_column][\/vc_row][\/vc_section]<\/p>\n","protected":false},"excerpt":{"rendered":"[vc_row el_class=&#8221;boxer&#8221; el_id=&#8221;SOLUCIONES&#8221;][vc_column][vc_row_inner][vc_column_inner width=&#8221;1\/6&#8243;][\/vc_column_inner][vc_column_inner width=&#8221;2\/3&#8243;][vc_column_text] SOLUCIONES SITRACK dispone de una amplia gama de servicios y soluciones que brindan herramientas para un mejor control de tus activos. Aplicando la Telemetr\u00eda, podemos hacer de tu trabajo una gesti\u00f3n mucho m\u00e1s efectiva. [\/vc_column_text][vc_raw_html]JTNDZGl2JTNFJTBBJTNDYSUyMGNsYXNzJTNEJTIyYnRuLW1lJTIyJTIwaHJlZiUzRCUyMiUyM01PTklUT1JFTy1TQVRFTElUQUwtSU5URUxJR0VOVEUlMjIlM0UlMEElM0NpbWclMjBjbGFzcyUzRCUyMmltZyUyMiUyMHN0eWxlJTNEJTIyd2lkdGglM0ElMjAxMDBweCUzQiUyMiUyMHNyYyUzRCUyMmh0dHBzJTNBJTJGJTJGd3d3LnNpdHJhY2suY2wlMkZwb3J0YWwlMkZ3cC1jb250ZW50JTJGdGhlbWVzJTJGc2l0cmFjay0yMDIwJTJGaW1nJTJGTU9OSVRPUkVPLnN2ZyUyMiUyMGFsdCUzRCUyMm1pc2lvbiUyMiUzRSUwQSUzQ2IlM0VNT05JVE9SRU8lM0NiciUzRSUyMFNBVEVMSVRBTCUzQyUyRmIlM0UlMEElM0MlMkZhJTNFJTBBJTBBJTNDYSUyMGNsYXNzJTNEJTIyYnRuLW1lJTIyJTIwaHJlZiUzRCUyMiUyM0NPTlRST0wtREUtVVNPLVktUk9CTy1ERS1DT01CVVNUSUJMRSUyMiUzRSUwQSUzQ2ltZyUyMGNsYXNzJTNEJTIyaW1nJTIyJTIwc3JjJTNEJTIyaHR0cHMlM0ElMkYlMkZ3d3cuc2l0cmFjay5jbCUyRnBvcnRhbCUyRndwLWNvbnRlbnQlMkZ0aGVtZXMlMkZzaXRyYWNrLTIwMjAlMkZpbWclMkZDT05UUk9MLnN2ZyUyMiUyMGFsdCUzRCUyMm1pc2lvbiUyMiUzRSUwQSUzQ2IlM0VDT05UUk9MJTIwJTNDYnIlM0UlMjBERSUyMENPTUJVU1RJQkxFJTNDJTJGYiUzRSUwQSUzQyUyRmElM0UlMEElMEElM0NhJTIwY2xhc3MlM0QlMjJidG4tbWUlMjIlMjBocmVmJTNEJTIyJTIzVFJBTlNQT1JURS1TRUdVUk8tREUtQ0FSR0ElMjIlM0UlMEElM0NpbWclMjBjbGFzcyUzRCUyMmltZyUyMiUyMHNyYyUzRCUyMmh0dHBzJTNBJTJGJTJGd3d3LnNpdHJhY2suY2wlMkZwb3J0YWwlMkZ3cC1jb250ZW50JTJGdGhlbWVzJTJGc2l0cmFjay0yMDIwJTJGaW1nJTJGVFJBTlNQT1JURS5zdmclMjIlMjBhbHQlM0QlMjJtaXNpb24lMjIlM0UlMEElM0NiJTNFVFJBTlNQT1JURSUzQ2JyJTNFJTIwU0VHVVJPJTNDJTJGYiUzRSUwQSUzQyUyRmElM0UlMEElMEElM0NhJTIwY2xhc3MlM0QlMjJidG4tbWUlMjIlMjBocmVmJTNEJTIyJTIzU0VHVVJJREFELUVOLUxBLUNPTkRVQ0NJT04lMjIlM0UlMEElM0NpbWclMjBjbGFzcyUzRCUyMmltZyUyMiUyMHNyYyUzRCUyMmh0dHBzJTNBJTJGJTJGd3d3LnNpdHJhY2suY2wlMkZwb3J0YWwlMkZ3cC1jb250ZW50JTJGdGhlbWVzJTJGc2l0cmFjay0yMDIwJTJGaW1nJTJGU0VHVVJJREFELnN2ZyUyMiUyMGFsdCUzRCUyMm1pc2lvbiUyMiUzRSUwQSUzQ2IlM0VTRUdVUklEQUQlMjBFTiUyMCUzQ2JyJTNFTEElMjBDT05EVUNDSSVDMyU5M04lM0MlMkZiJTNFJTBBJTNDJTJGYSUzRSUwQSUwQSUzQyUyRmRpdiUzRQ==[\/vc_raw_html][\/vc_column_inner][vc_column_inner width=&#8221;1\/6&#8243;][\/vc_column_inner][\/vc_row_inner][\/vc_column][\/vc_row][vc_section css=&#8221;.vc_custom_1584469965676{background-color: #f7f8fa !important;}&#8221; el_id=&#8221;MONITOREO-SATELITAL-INTELIGENTE&#8221;][vc_row el_class=&#8221;boxer&#8221;][vc_column][vc_row_inner][vc_column_inner width=&#8221;1\/6&#8243;][\/vc_column_inner][vc_column_inner width=&#8221;2\/3&#8243;][vc_column_text el_class=&#8221;centro&#8221;] MONITOREO SATELITAL INTELIGENTE Monitorea y protege&#8230; <a class=\"view-article\" href=\"https:\/\/beta.sitrack.com.ar\/portal\/soluciones\/\">Ver art\u00edculo<\/a>","protected":false},"author":1,"featured_media":0,"parent":0,"menu_order":0,"comment_status":"closed","ping_status":"closed","template":"soluciones.php","meta":[],"yoast_head":"<!-- This site is optimized with the Yoast SEO plugin v15.5 - https:\/\/yoast.com\/wordpress\/plugins\/seo\/ -->\n<meta name=\"robots\" content=\"index, follow, max-snippet:-1, max-image-preview:large, max-video-preview:-1\" \/>\n<link rel=\"canonical\" href=\"http:\/\/beta.sitrack.com.ar\/portal\/soluciones\/\" \/>\n<meta property=\"og:locale\" content=\"es_ES\" \/>\n<meta property=\"og:type\" content=\"article\" \/>\n<meta property=\"og:title\" content=\"Soluciones 2021 - Sitrack Argentina\" \/>\n<meta property=\"og:description\" content=\"[vc_row el_class=&#8221;boxer&#8221; el_id=&#8221;SOLUCIONES&#8221;][vc_column][vc_row_inner][vc_column_inner width=&#8221;1\/6&#8243;][\/vc_column_inner][vc_column_inner width=&#8221;2\/3&#8243;][vc_column_text] SOLUCIONES SITRACK dispone de una amplia gama de servicios y soluciones que brindan herramientas para un mejor control de tus activos. Aplicando la Telemetr\u00eda, podemos hacer de tu trabajo una gesti\u00f3n mucho m\u00e1s efectiva. [\/vc_column_text][vc_raw_html]JTNDZGl2JTNFJTBBJTNDYSUyMGNsYXNzJTNEJTIyYnRuLW1lJTIyJTIwaHJlZiUzRCUyMiUyM01PTklUT1JFTy1TQVRFTElUQUwtSU5URUxJR0VOVEUlMjIlM0UlMEElM0NpbWclMjBjbGFzcyUzRCUyMmltZyUyMiUyMHN0eWxlJTNEJTIyd2lkdGglM0ElMjAxMDBweCUzQiUyMiUyMHNyYyUzRCUyMmh0dHBzJTNBJTJGJTJGd3d3LnNpdHJhY2suY2wlMkZwb3J0YWwlMkZ3cC1jb250ZW50JTJGdGhlbWVzJTJGc2l0cmFjay0yMDIwJTJGaW1nJTJGTU9OSVRPUkVPLnN2ZyUyMiUyMGFsdCUzRCUyMm1pc2lvbiUyMiUzRSUwQSUzQ2IlM0VNT05JVE9SRU8lM0NiciUzRSUyMFNBVEVMSVRBTCUzQyUyRmIlM0UlMEElM0MlMkZhJTNFJTBBJTBBJTNDYSUyMGNsYXNzJTNEJTIyYnRuLW1lJTIyJTIwaHJlZiUzRCUyMiUyM0NPTlRST0wtREUtVVNPLVktUk9CTy1ERS1DT01CVVNUSUJMRSUyMiUzRSUwQSUzQ2ltZyUyMGNsYXNzJTNEJTIyaW1nJTIyJTIwc3JjJTNEJTIyaHR0cHMlM0ElMkYlMkZ3d3cuc2l0cmFjay5jbCUyRnBvcnRhbCUyRndwLWNvbnRlbnQlMkZ0aGVtZXMlMkZzaXRyYWNrLTIwMjAlMkZpbWclMkZDT05UUk9MLnN2ZyUyMiUyMGFsdCUzRCUyMm1pc2lvbiUyMiUzRSUwQSUzQ2IlM0VDT05UUk9MJTIwJTNDYnIlM0UlMjBERSUyMENPTUJVU1RJQkxFJTNDJTJGYiUzRSUwQSUzQyUyRmElM0UlMEElMEElM0NhJTIwY2xhc3MlM0QlMjJidG4tbWUlMjIlMjBocmVmJTNEJTIyJTIzVFJBTlNQT1JURS1TRUdVUk8tREUtQ0FSR0ElMjIlM0UlMEElM0NpbWclMjBjbGFzcyUzRCUyMmltZyUyMiUyMHNyYyUzRCUyMmh0dHBzJTNBJTJGJTJGd3d3LnNpdHJhY2suY2wlMkZwb3J0YWwlMkZ3cC1jb250ZW50JTJGdGhlbWVzJTJGc2l0cmFjay0yMDIwJTJGaW1nJTJGVFJBTlNQT1JURS5zdmclMjIlMjBhbHQlM0QlMjJtaXNpb24lMjIlM0UlMEElM0NiJTNFVFJBTlNQT1JURSUzQ2JyJTNFJTIwU0VHVVJPJTNDJTJGYiUzRSUwQSUzQyUyRmElM0UlMEElMEElM0NhJTIwY2xhc3MlM0QlMjJidG4tbWUlMjIlMjBocmVmJTNEJTIyJTIzU0VHVVJJREFELUVOLUxBLUNPTkRVQ0NJT04lMjIlM0UlMEElM0NpbWclMjBjbGFzcyUzRCUyMmltZyUyMiUyMHNyYyUzRCUyMmh0dHBzJTNBJTJGJTJGd3d3LnNpdHJhY2suY2wlMkZwb3J0YWwlMkZ3cC1jb250ZW50JTJGdGhlbWVzJTJGc2l0cmFjay0yMDIwJTJGaW1nJTJGU0VHVVJJREFELnN2ZyUyMiUyMGFsdCUzRCUyMm1pc2lvbiUyMiUzRSUwQSUzQ2IlM0VTRUdVUklEQUQlMjBFTiUyMCUzQ2JyJTNFTEElMjBDT05EVUNDSSVDMyU5M04lM0MlMkZiJTNFJTBBJTNDJTJGYSUzRSUwQSUwQSUzQyUyRmRpdiUzRQ==[\/vc_raw_html][\/vc_column_inner][vc_column_inner width=&#8221;1\/6&#8243;][\/vc_column_inner][\/vc_row_inner][\/vc_column][\/vc_row][vc_section css=&#8221;.vc_custom_1584469965676{background-color: #f7f8fa !important;}&#8221; el_id=&#8221;MONITOREO-SATELITAL-INTELIGENTE&#8221;][vc_row el_class=&#8221;boxer&#8221;][vc_column][vc_row_inner][vc_column_inner width=&#8221;1\/6&#8243;][\/vc_column_inner][vc_column_inner width=&#8221;2\/3&#8243;][vc_column_text el_class=&#8221;centro&#8221;] MONITOREO SATELITAL INTELIGENTE Monitorea y protege... Ver art\u00edculo\" \/>\n<meta property=\"og:url\" content=\"http:\/\/beta.sitrack.com.ar\/portal\/soluciones\/\" \/>\n<meta property=\"og:site_name\" content=\"Sitrack Argentina\" \/>\n<meta property=\"article:modified_time\" content=\"2021-05-12T17:09:16+00:00\" \/>\n<meta property=\"og:image\" content=\"https:\/\/www.sitrack.cl\/portal\/wp-content\/themes\/sitrack-2020\/img\/MONITOREO.svg\" \/>\n<meta name=\"twitter:card\" content=\"summary\" \/>\n<meta name=\"twitter:label1\" content=\"Est. reading time\">\n\t<meta name=\"twitter:data1\" content=\"6 minutos\">\n<script type=\"application\/ld+json\" class=\"yoast-schema-graph\">{\"@context\":\"https:\/\/schema.org\",\"@graph\":[{\"@type\":\"WebSite\",\"@id\":\"http:\/\/beta.sitrack.com.ar\/portal\/#website\",\"url\":\"http:\/\/beta.sitrack.com.ar\/portal\/\",\"name\":\"Sitrack Argentina\",\"description\":\"Soluciones Inteligentes\",\"potentialAction\":[{\"@type\":\"SearchAction\",\"target\":\"http:\/\/beta.sitrack.com.ar\/portal\/?s={search_term_string}\",\"query-input\":\"required name=search_term_string\"}],\"inLanguage\":\"es-CL\"},{\"@type\":\"ImageObject\",\"@id\":\"http:\/\/beta.sitrack.com.ar\/portal\/soluciones\/#primaryimage\",\"inLanguage\":\"es-CL\",\"url\":\"https:\/\/www.sitrack.cl\/portal\/wp-content\/themes\/sitrack-2020\/img\/MONITOREO.svg\"},{\"@type\":\"WebPage\",\"@id\":\"http:\/\/beta.sitrack.com.ar\/portal\/soluciones\/#webpage\",\"url\":\"http:\/\/beta.sitrack.com.ar\/portal\/soluciones\/\",\"name\":\"Soluciones 2021 - Sitrack Argentina\",\"isPartOf\":{\"@id\":\"http:\/\/beta.sitrack.com.ar\/portal\/#website\"},\"primaryImageOfPage\":{\"@id\":\"http:\/\/beta.sitrack.com.ar\/portal\/soluciones\/#primaryimage\"},\"datePublished\":\"2021-05-11T15:56:55+00:00\",\"dateModified\":\"2021-05-12T17:09:16+00:00\",\"inLanguage\":\"es-CL\",\"potentialAction\":[{\"@type\":\"ReadAction\",\"target\":[\"http:\/\/beta.sitrack.com.ar\/portal\/soluciones\/\"]}]}]}<\/script>\n<!-- \/ Yoast SEO plugin. -->","_links":{"self":[{"href":"https:\/\/beta.sitrack.com.ar\/portal\/wp-json\/wp\/v2\/pages\/391"}],"collection":[{"href":"https:\/\/beta.sitrack.com.ar\/portal\/wp-json\/wp\/v2\/pages"}],"about":[{"href":"https:\/\/beta.sitrack.com.ar\/portal\/wp-json\/wp\/v2\/types\/page"}],"author":[{"embeddable":true,"href":"https:\/\/beta.sitrack.com.ar\/portal\/wp-json\/wp\/v2\/users\/1"}],"replies":[{"embeddable":true,"href":"https:\/\/beta.sitrack.com.ar\/portal\/wp-json\/wp\/v2\/comments?post=391"}],"version-history":[{"count":3,"href":"https:\/\/beta.sitrack.com.ar\/portal\/wp-json\/wp\/v2\/pages\/391\/revisions"}],"predecessor-version":[{"id":446,"href":"https:\/\/beta.sitrack.com.ar\/portal\/wp-json\/wp\/v2\/pages\/391\/revisions\/446"}],"wp:attachment":[{"href":"https:\/\/beta.sitrack.com.ar\/portal\/wp-json\/wp\/v2\/media?parent=391"}],"curies":[{"name":"wp","href":"https:\/\/api.w.org\/{rel}","templated":true}]}}